?
True
Is 5646959 a composite number?
False
Is 448766261 composite?
True
Is 99019253 composite?
True
Is 4411333 a prime number?
True
Is 2088949 a prime number?
True
Is 58391 composite?
False
Is 4047469 a composite number?
False
Is 122921 a composite number?
False
Is 1244841635 a prime number?
False
Is 127482373 a prime number?
True
Is 111262249 prime?
False
Is 1903823 prime?
False
Is 157349 prime?
True
Is 155202409 composite?
False
Is 36660497 a prime number?
False
Is 19258658 a prime number?
False
Is 30766514 a composite number?
True
Is 539758861 composite?
True
Is 50029179 composite?
True
Is 64331791 a prime number?
False
Is 68629789 a composite number?
False
Is 5801903 prime?
False
Is 5699357 a prime number?
True
Is 563231 composite?
True
Is 1443289 a composite number?
True
Is 23086129 composite?
True
Is 1746473 a prime number?
False
Is 586703 prime?
False
Is 7861085 a prime number?
False
Is 53961935 a composite number?
True
Is 472467 a composite number?
True
Is 913553 a prime number?
False
Is 295591783 a composite number?
True
Is 13335709 a prime number?
False
Is 205501154 a composite number?
True
Is 38842157 composite?
False
Is 4056047 prime?
False
Is 215112719 prime?
False
Is 3977531 a prime number?
False
Is 43114147 prime?
True
Is 19404703 a composite number?
False
Is 486527 composite?
False
Is 389353747 prime?
False
Is 331087 composite?
True
Is 5247149 a prime number?
False
Is 1355140877 composite?
True
Is 215097017 composite?
False
Is 31964323 prime?
False
Is 10190693 a composite number?
False
Is 1346243 prime?
True
Is 49672977 prime?
False
Is 154663 a prime number?
False
Is 137866007 composite?
False
Is 3539639 a composite number?
False
Is 117043231 composite?
True
Is 1681739 a composite number?
True
Is 5340523 prime?
True
Is 1537223 a prime number?
True
Is 5958617 a prime number?
False
Is 171839 a prime number?
False
Is 144647267 a prime number?
True
Is 3692321 a composite number?
False
Is 55974961 a composite number?
True
Is 543176851 a prime number?
False
Is 630463 prime?
False
Is 42698773 prime?
False
Is 5818457 a prime number?
True
Is 149257547 a prime number?
False
Is 70192163 composite?
False
Is 15943787 prime?
True
Is 5987549 composite?
False
Is 167541337 a composite number?
True
Is 1441 a composite number?
True
Is 4202735 a composite number?
True
Is 6568013 composite?
True
Is 344567 a prime number?
True
Is 74797 composite?
False
Is 48493883 composite?
True
Is 670177 prime?
True
Is 5262967 a composite number?
True
Is 183167 a prime number?
True
Is 9968333 a prime number?
False
Is 38587 a prime number?
False
Is 272163121 prime?
False
Is 342958597 a prime number?
True
Is 1147897 composite?
False
Is 14777161 a prime number?
False
Is 107089 a prime number?
True
Is 9385373 composite?
True
Is 184001 a prime number?
False
Is 16944995 composite?
True
Is 57760987 prime?
True
Is 13889451 prime?
False
Is 21729567 a prime number?
False
Is 21492433 prime?
True
Is 8212277 a composite number?
False
Is 16642313 a composite number?
False
Is 201917 a composite number?
True
Is 49061539 prime?
True
Is 326309 a prime number?
True
Is 237026819 a prime number?
True
Is 244217 a composite number?
False
Is 11015311 composite?
True
Is 97516427 prime?
True
Is 105133837 composite?
False
Is 32490373 prime?
False
Is 98597 composite?
False
Is 44972339 prime?
True
Is 688091 a prime number?
False
Is 86073733 composite?
False
Is 7959787 prime?
False
Is 30851207 prime?
True
Is 606791 a composite number?
False
Is 11407273 a composite number?
False
Is 1704023 composite?
False
Is 20526347 composite?
False
Is 228258055 a prime number?
False
Is 336029959 a prime number?
True
Is 38501231 prime?
True
Is 60335479 prime?
True
Is 19964201 a prime number?
False
Is 25771843 composite?
False
Is 28036993 a prime number?
True
Is 124255699 a prime number?
True
Is 254629283 composite?
False
Is 31146823 a composite number?
False
Is 25184239 a composite number?
False
Is 8249639 a composite number?
True
Is 6464431 prime?
True
Is 3484001 a prime number?
True
Is 3363401 composite?
True
Is 2182454735 composite?
True
Is 22654259 a composite number?
False
Is 135153643 a prime number?
True
Is 395701249 a composite number?
True
Is 60137699 a prime number?
True
Is 168928457 a composite number?
False
Is 6276097 composite?
False
Is 3108785611 composite?
False
Is 21631267 composite?
True
Is 358027 a prime number?
False
Is 18006809 a composite number?
True
Is 8882009 prime?
True
Is 9154543 a composite number?
False
Is 8276497 composite?
True
Is 235217089 composite?
False
Is 242922889 a prime number?
False
Is 3135833 a composite number?
False
Is 23260091 prime?
True
Is 5599339 a prime number?
False
Is 15055427 prime?
True
Is 17865167 composite?
True
Is 1309481 prime?
False
Is 31183891 a composite number?
True
Is 106633559 a composite number?
False
Is 514735799 a prime number?
True
Is 8370535 composite?
True
Is 132565501 a prime number?
True
Is 23926349 a composite number?
False
Is 144765809 composite?
False
Is 1902814871 prime?
True
Is 11293589 a prime number?
True
Is 14589779 prime?
True
Is 146450789 a prime number?
False
Is 1600987 a prime number?
False
Is 229436059 prime?
False
Is 9216817 a composite number?
True
Is 1751993 prime?
True
Is 13057549 prime?
False
Is 13707289 a composite number?
False
Is 1334017 composite?
True
Is 222655999 composite?
False
Is 10771619 a composite number?
False
Is 3004513 a prime number?
False
Is 1132868837 composite?
False
Is 24353869 a prime number?
True
Is 148349 a composite number?
True
Is 57733157 composite?
False
Is 4191659 composite?
False
Is 45481 prime?
True
Is 24055751 a composite number?
False
Is 40981295 composite?
True
Is 1147841 a composite number?
False
Is 477209 composite?
False
Is 2081315533 prime?
False
Is 10356469 prime?
False
Is 629779 prime?
True
Is 59318419 a prime number?
True
Is 764544943 composite?
True
Is 62332467 composite?
True
Is 181361 prime?
True
Is 379699 a composite number?
False
Is 24711997 a composite number?
False
Is 756240637 prime?
False
Is 254945 composite?
True
Is 12618439 a prime number?
False
Is 831049 prime?
False
Is 11694569 prime?
False
Is 171991 prime?
False
Is 19655663 composite?
True
Is 102398419 composite?
True
Is 15519223 a prime number?
False
Is 88884363 prime?
False
Is 61356857 a prime number?
True
Is 137228591 composite?
False
Is 46624987 a composite number?
True
Is 109661 prime?
True
Is 42050863 composite?
False
Is 41920189 composite?
True
Is 14383891 a prime number?
False
Is 2449117 a composite number?
True
Is 1082699 composite?
False
Is 2123698 a prime number?
False
Is 13224941 a composite number?
True
Is 12588833 prime?
True
Is 496733 composite?
False
Is 40130953 composite?
True
Is 42347621 composite?
False
Is 9697561 a composite number?
True
Is 39549481 a composite number?
True
Is 10414037 a prime number?
False
Is 62304703 composite?
False
Is 3319826 prime?
False
Is 323465663 a prime number?
True
Is 404648939 a prime number?
True
Is 5836717 prime?
True
Is 43721035 composite?
True
Is 23751089 a composite number?
False
Is 82717381 a composite number?
True
Is 3038611 a prime number?
False
Is 25554763 a composite number?
True
Is 3609769 prime?
True
Is 757115 a prime number?
False
Is 3923719 a prime number?
False
Is 1953251 composite?
True
Is 9111581 composite?
False
Is 28902409 composite?
True
Is 640798669 a composite number?
True
Is 236341091 a prime number?
False
Is 9771599 composite?
False
Is 808231 a composite number?
True
Is 1599317 a prime number?
False
Is 3216463 a prime number?
False
Is 176908489 a prime number?
True
Is 260135101 a prime number?
True
Is 3586189 a prime number?
True
Is 60730691 composite?
True
Is 239508017 prime?
False
Is 241002359 a composite number?
True
Is 27288461 a composite number?
False
Is 8963841 a prime number?
False
Is 72784919 prime?
False
Is 24994631 a prime number?
True
Is 8805799 prime?
False
Is 372377 composite?
False
Is 193417949 prime?
False
Is 906863 a prime number?
False
Is 55066337 a prime number?
False
Is 5010041 a composite number?
False
Is 47899367 a prime number?
True
Is 7330069 prime?
False
Is 1104094 composite?
True
Is 37778281 a prime number?
True
Is 161197187 a prime number?
True
Is 69888367 composite?
True
Is 8761237 a prime number?
True
Is 175962569 